{"id":11,"date":"2025-01-21T12:00:45","date_gmt":"2025-01-21T12:00:45","guid":{"rendered":"https:\/\/dippinn.fazos.hr\/?page_id=11"},"modified":"2025-12-12T11:01:49","modified_gmt":"2025-12-12T11:01:49","slug":"contact","status":"publish","type":"page","link":"https:\/\/dippinn.fazos.hr\/index.php\/contact\/","title":{"rendered":"Publikacije\u00a0\u00a0\u00a0\u00a0\u00a0\u00a0\u00a0\u00a0\u00a0"},"content":{"rendered":"\n<p>Sve publikacije objavljene u sklopu projekta dostupne su na <a href=\"https:\/\/www.croris.hr\/projekti\/projekt\/11933\">CRORIS<\/a><\/p>\n\n\n\n<div class=\"wp-block-media-text is-stacked-on-mobile\"><figure class=\"wp-block-media-text__media\"><img loading=\"lazy\" decoding=\"async\" width=\"724\" height=\"1024\" src=\"https:\/\/dippinn.fazos.hr\/wp-content\/uploads\/2025\/12\/agriculture-15-02564_pages-to-jpg-0001-724x1024.jpg\" alt=\"\" class=\"wp-image-441 size-full\" srcset=\"https:\/\/dippinn.fazos.hr\/wp-content\/uploads\/2025\/12\/agriculture-15-02564_pages-to-jpg-0001-724x1024.jpg 724w, https:\/\/dippinn.fazos.hr\/wp-content\/uploads\/2025\/12\/agriculture-15-02564_pages-to-jpg-0001-212x300.jpg 212w, https:\/\/dippinn.fazos.hr\/wp-content\/uploads\/2025\/12\/agriculture-15-02564_pages-to-jpg-0001-768x1086.jpg 768w, https:\/\/dippinn.fazos.hr\/wp-content\/uploads\/2025\/12\/agriculture-15-02564_pages-to-jpg-0001-1086x1536.jpg 1086w, https:\/\/dippinn.fazos.hr\/wp-content\/uploads\/2025\/12\/agriculture-15-02564_pages-to-jpg-0001.jpg 1241w\" sizes=\"auto, (max-width: 724px) 100vw, 724px\" \/><\/figure><div class=\"wp-block-media-text__content\">\n<p><strong>Biological and Environmental Aspects of Imidazole Derivatives as Potential Insect Growth Regulators in Pest Management<\/strong><\/p>\n\n\n\n<p>Helena Ere\u0161, Vesna Rastija, Ankica Sarajli\u0107, Maja Karna\u0161 Babi\u0107, Marija Kristi\u0107, Milan Vrane\u0161, Martina \u0160rajer Gajdo\u0161ik, Ivana Maji\u0107<\/p>\n<\/div><\/div>\n\n\n\n<div class=\"wp-block-media-text has-media-on-the-right is-stacked-on-mobile\"><div class=\"wp-block-media-text__content\">\n<p class=\"has-text-align-right\"><strong>The Future of Azoles in Agriculture\u2014Balancing Effectiveness<br>and Toxicity<\/strong><\/p>\n\n\n\n<p class=\"has-text-align-right\">Maja Karna\u0161 Babi\u0107; Ivana Maji\u0107; Andrea Dandi\u0107; Vesna Rastija<\/p>\n\n\n\n<figure class=\"wp-block-image size-full is-resized\"><a href=\"https:\/\/www.croris.hr\/crosbi\/publikacija\/prilog-casopis\/913084\"><img loading=\"lazy\" decoding=\"async\" width=\"198\" height=\"120\" src=\"https:\/\/dippinn.fazos.hr\/wp-content\/uploads\/2025\/06\/image-3.png\" alt=\"\" class=\"wp-image-178\" style=\"aspect-ratio:1.6502242152466369;width:88px;height:auto\"\/><\/a><\/figure>\n<\/div><figure class=\"wp-block-media-text__media\"><img loading=\"lazy\" decoding=\"async\" width=\"724\" height=\"1024\" src=\"https:\/\/dippinn.fazos.hr\/wp-content\/uploads\/2025\/12\/applsci-15-12902_page-0001-724x1024.jpg\" alt=\"\" class=\"wp-image-416 size-full\" srcset=\"https:\/\/dippinn.fazos.hr\/wp-content\/uploads\/2025\/12\/applsci-15-12902_page-0001-724x1024.jpg 724w, https:\/\/dippinn.fazos.hr\/wp-content\/uploads\/2025\/12\/applsci-15-12902_page-0001-212x300.jpg 212w, https:\/\/dippinn.fazos.hr\/wp-content\/uploads\/2025\/12\/applsci-15-12902_page-0001-768x1086.jpg 768w, https:\/\/dippinn.fazos.hr\/wp-content\/uploads\/2025\/12\/applsci-15-12902_page-0001-1086x1536.jpg 1086w, https:\/\/dippinn.fazos.hr\/wp-content\/uploads\/2025\/12\/applsci-15-12902_page-0001.jpg 1241w\" sizes=\"auto, (max-width: 724px) 100vw, 724px\" \/><\/figure><\/div>\n\n\n\n<div class=\"wp-block-media-text is-stacked-on-mobile\"><figure class=\"wp-block-media-text__media\"><img loading=\"lazy\" decoding=\"async\" width=\"725\" height=\"1024\" src=\"https:\/\/dippinn.fazos.hr\/wp-content\/uploads\/2025\/11\/molecules-30-04346_page-0001-725x1024.jpg\" alt=\"\" class=\"wp-image-375 size-full\" srcset=\"https:\/\/dippinn.fazos.hr\/wp-content\/uploads\/2025\/11\/molecules-30-04346_page-0001-725x1024.jpg 725w, https:\/\/dippinn.fazos.hr\/wp-content\/uploads\/2025\/11\/molecules-30-04346_page-0001-212x300.jpg 212w, https:\/\/dippinn.fazos.hr\/wp-content\/uploads\/2025\/11\/molecules-30-04346_page-0001-768x1085.jpg 768w, https:\/\/dippinn.fazos.hr\/wp-content\/uploads\/2025\/11\/molecules-30-04346_page-0001-1087x1536.jpg 1087w, https:\/\/dippinn.fazos.hr\/wp-content\/uploads\/2025\/11\/molecules-30-04346_page-0001.jpg 1241w\" sizes=\"auto, (max-width: 725px) 100vw, 725px\" \/><\/figure><div class=\"wp-block-media-text__content\">\n<p><strong>Synthesis, Physicochemical Characterization, Antimicrobial Properties, and DFT\/ADMET Calculations of Imidazolium-Based Ionic Liquids with a Homologous Series of Oxychlorine Anions<\/strong><\/p>\n\n\n\n<p>Milan Vrane\u0161; Eleonora \u010capelja; Maja Karaman; Teona Teodora Borovi\u0107; Andrija Vukov; Sara Klimenta; Vesna Rastija; Jovana J. Selak<\/p>\n\n\n\n<figure class=\"wp-block-image size-full is-resized\"><a href=\"https:\/\/www.croris.hr\/crosbi\/publikacija\/prilog-casopis\/907713\"><img loading=\"lazy\" decoding=\"async\" width=\"198\" height=\"120\" src=\"https:\/\/dippinn.fazos.hr\/wp-content\/uploads\/2025\/06\/image-2.png\" alt=\"\" class=\"wp-image-177\" style=\"width:82px;height:auto\"\/><\/a><\/figure>\n<\/div><\/div>\n\n\n\n<div class=\"wp-block-media-text has-media-on-the-right is-stacked-on-mobile\"><div class=\"wp-block-media-text__content\">\n<p class=\"has-text-align-right\"><strong>Ecotoxicity estimation of imidazole-based ionic liquids: the effect of alkyl side chain length<\/strong><\/p>\n\n\n\n<p class=\"has-text-align-right\">Maja Karna\u0161 Babi\u0107; Vesna Rastija, Milan Vrane\u0161; Dejan Agi\u0107; Domagoj \u0160ubari\u0107<\/p>\n\n\n\n<figure class=\"wp-block-image size-full is-resized\"><a href=\"https:\/\/www.croris.hr\/crosbi\/publikacija\/prilog-skup\/895126\"><img loading=\"lazy\" decoding=\"async\" width=\"198\" height=\"120\" src=\"https:\/\/dippinn.fazos.hr\/wp-content\/uploads\/2025\/06\/image-3.png\" alt=\"\" class=\"wp-image-178\" style=\"width:84px;height:auto\"\/><\/a><\/figure>\n<\/div><figure class=\"wp-block-media-text__media\"><img loading=\"lazy\" decoding=\"async\" width=\"717\" height=\"1024\" src=\"https:\/\/dippinn.fazos.hr\/wp-content\/uploads\/2025\/10\/Karnas_poster_29HSKIKI_2025_page-0001-717x1024.jpg\" alt=\"\" class=\"wp-image-289 size-full\" srcset=\"https:\/\/dippinn.fazos.hr\/wp-content\/uploads\/2025\/10\/Karnas_poster_29HSKIKI_2025_page-0001-717x1024.jpg 717w, https:\/\/dippinn.fazos.hr\/wp-content\/uploads\/2025\/10\/Karnas_poster_29HSKIKI_2025_page-0001-210x300.jpg 210w, https:\/\/dippinn.fazos.hr\/wp-content\/uploads\/2025\/10\/Karnas_poster_29HSKIKI_2025_page-0001-768x1097.jpg 768w, https:\/\/dippinn.fazos.hr\/wp-content\/uploads\/2025\/10\/Karnas_poster_29HSKIKI_2025_page-0001-1076x1536.jpg 1076w, https:\/\/dippinn.fazos.hr\/wp-content\/uploads\/2025\/10\/Karnas_poster_29HSKIKI_2025_page-0001-1434x2048.jpg 1434w, https:\/\/dippinn.fazos.hr\/wp-content\/uploads\/2025\/10\/Karnas_poster_29HSKIKI_2025_page-0001-scaled.jpg 1793w\" sizes=\"auto, (max-width: 717px) 100vw, 717px\" \/><\/figure><\/div>\n\n\n\n<div class=\"wp-block-media-text is-stacked-on-mobile\"><figure class=\"wp-block-media-text__media\"><img loading=\"lazy\" decoding=\"async\" width=\"1024\" height=\"709\" src=\"https:\/\/dippinn.fazos.hr\/wp-content\/uploads\/2025\/11\/EMCEI-PPT-Template-Express-Talk-Rastija-1_pages-to-jpg-0007-1024x709.jpg\" alt=\"\" class=\"wp-image-369 size-full\" srcset=\"https:\/\/dippinn.fazos.hr\/wp-content\/uploads\/2025\/11\/EMCEI-PPT-Template-Express-Talk-Rastija-1_pages-to-jpg-0007-1024x709.jpg 1024w, https:\/\/dippinn.fazos.hr\/wp-content\/uploads\/2025\/11\/EMCEI-PPT-Template-Express-Talk-Rastija-1_pages-to-jpg-0007-300x208.jpg 300w, https:\/\/dippinn.fazos.hr\/wp-content\/uploads\/2025\/11\/EMCEI-PPT-Template-Express-Talk-Rastija-1_pages-to-jpg-0007-768x532.jpg 768w, https:\/\/dippinn.fazos.hr\/wp-content\/uploads\/2025\/11\/EMCEI-PPT-Template-Express-Talk-Rastija-1_pages-to-jpg-0007-1536x1063.jpg 1536w, https:\/\/dippinn.fazos.hr\/wp-content\/uploads\/2025\/11\/EMCEI-PPT-Template-Express-Talk-Rastija-1_pages-to-jpg-0007.jpg 1625w\" sizes=\"auto, (max-width: 767px) 89vw, (max-width: 1000px) 54vw, (max-width: 1071px) 543px, 580px\" \/><\/figure><div class=\"wp-block-media-text__content\">\n<p><strong>Prediction of ecotoxicity for new imidazoles as potential plant protection agents<\/strong><\/p>\n\n\n\n<p>Vesna Rastija; Marija Paurevi\u0107; Andrea Dandi\u0107; Martina \u0160rajer Gajdo\u0161ik<\/p>\n\n\n\n<figure class=\"wp-block-image size-full is-resized\"><a href=\"https:\/\/www.croris.hr\/crosbi\/publikacija\/prilog-skup\/894529\"><img loading=\"lazy\" decoding=\"async\" width=\"198\" height=\"120\" src=\"https:\/\/dippinn.fazos.hr\/wp-content\/uploads\/2025\/06\/image-2.png\" alt=\"\" class=\"wp-image-177\" style=\"width:79px;height:auto\"\/><\/a><\/figure>\n<\/div><\/div>\n\n\n\n<div class=\"wp-block-media-text has-media-on-the-right is-stacked-on-mobile\"><div class=\"wp-block-media-text__content\">\n<p class=\"has-text-align-right\"><strong>Physicochemical properties, antimicrobial potential, and impact on chard of novel nicotine-derived ionic liquids<\/strong><\/p>\n\n\n\n<p class=\"has-text-align-right\">Milan Vrane\u0161; Sne\u017eana Papovi\u0107;  Jovana Pani\u0107; Teona Teodora Borovi\u0107; Andrija Vukov; Vesna Rastija<\/p>\n\n\n\n<figure class=\"wp-block-image size-full is-resized\"><a href=\"https:\/\/www.croris.hr\/crosbi\/publikacija\/prilog-skup\/885543\"><img loading=\"lazy\" decoding=\"async\" width=\"400\" height=\"120\" src=\"https:\/\/dippinn.fazos.hr\/wp-content\/uploads\/2025\/06\/image.png\" alt=\"\" class=\"wp-image-172\" style=\"width:170px;height:auto\" srcset=\"https:\/\/dippinn.fazos.hr\/wp-content\/uploads\/2025\/06\/image.png 400w, https:\/\/dippinn.fazos.hr\/wp-content\/uploads\/2025\/06\/image-300x90.png 300w\" sizes=\"auto, (max-width: 400px) 100vw, 400px\" \/><\/a><\/figure>\n\n\n\n<p><\/p>\n<\/div><figure class=\"wp-block-media-text__media\"><img loading=\"lazy\" decoding=\"async\" width=\"768\" height=\"1024\" src=\"https:\/\/dippinn.fazos.hr\/wp-content\/uploads\/2025\/06\/20250604_164359-1-768x1024.jpg\" alt=\"\" class=\"wp-image-161 size-full\" srcset=\"https:\/\/dippinn.fazos.hr\/wp-content\/uploads\/2025\/06\/20250604_164359-1-768x1024.jpg 768w, https:\/\/dippinn.fazos.hr\/wp-content\/uploads\/2025\/06\/20250604_164359-1-225x300.jpg 225w, https:\/\/dippinn.fazos.hr\/wp-content\/uploads\/2025\/06\/20250604_164359-1-1152x1536.jpg 1152w, https:\/\/dippinn.fazos.hr\/wp-content\/uploads\/2025\/06\/20250604_164359-1-1536x2048.jpg 1536w, https:\/\/dippinn.fazos.hr\/wp-content\/uploads\/2025\/06\/20250604_164359-1-scaled.jpg 1920w\" sizes=\"auto, (max-width: 767px) 89vw, (max-width: 1000px) 54vw, (max-width: 1071px) 543px, 580px\" \/><\/figure><\/div>\n\n\n\n<div class=\"wp-block-media-text is-stacked-on-mobile is-vertically-aligned-center\"><figure class=\"wp-block-media-text__media\"><img loading=\"lazy\" decoding=\"async\" width=\"717\" height=\"1024\" src=\"https:\/\/dippinn.fazos.hr\/wp-content\/uploads\/2025\/06\/Vesna-poster-SA_page-0001-1-717x1024.jpg\" alt=\"\" class=\"wp-image-158 size-full\" srcset=\"https:\/\/dippinn.fazos.hr\/wp-content\/uploads\/2025\/06\/Vesna-poster-SA_page-0001-1-717x1024.jpg 717w, https:\/\/dippinn.fazos.hr\/wp-content\/uploads\/2025\/06\/Vesna-poster-SA_page-0001-1-210x300.jpg 210w, https:\/\/dippinn.fazos.hr\/wp-content\/uploads\/2025\/06\/Vesna-poster-SA_page-0001-1-768x1097.jpg 768w, https:\/\/dippinn.fazos.hr\/wp-content\/uploads\/2025\/06\/Vesna-poster-SA_page-0001-1-1075x1536.jpg 1075w, https:\/\/dippinn.fazos.hr\/wp-content\/uploads\/2025\/06\/Vesna-poster-SA_page-0001-1-1434x2048.jpg 1434w, https:\/\/dippinn.fazos.hr\/wp-content\/uploads\/2025\/06\/Vesna-poster-SA_page-0001-1-scaled.jpg 1792w\" sizes=\"auto, (max-width: 717px) 100vw, 717px\" \/><\/figure><div class=\"wp-block-media-text__content\">\n<p><\/p>\n\n\n\n<p><\/p>\n\n\n\n<p class=\"has-text-align-left\"><strong>Design and estimated ecotoxicity of imidazolium-based ionic liquids as plant protection agents<\/strong><\/p>\n\n\n\n<p class=\"has-text-align-left\">Vesna Rastija; Milan Vrane\u0161; Sne\u017eana Papovi\u0107; Jovana Pani\u0107; Teona Teodora Borovi\u0107<\/p>\n\n\n\n<p class=\"has-text-align-right\"><\/p>\n\n\n\n<figure class=\"wp-block-image size-full is-resized\"><a href=\"https:\/\/www.croris.hr\/crosbi\/publikacija\/prilog-skup\/885539\"><img loading=\"lazy\" decoding=\"async\" width=\"400\" height=\"120\" src=\"https:\/\/dippinn.fazos.hr\/wp-content\/uploads\/2025\/06\/image-1.png\" alt=\"\" class=\"wp-image-176\" style=\"width:181px;height:auto\" srcset=\"https:\/\/dippinn.fazos.hr\/wp-content\/uploads\/2025\/06\/image-1.png 400w, https:\/\/dippinn.fazos.hr\/wp-content\/uploads\/2025\/06\/image-1-300x90.png 300w\" sizes=\"auto, (max-width: 400px) 100vw, 400px\" \/><\/a><\/figure>\n\n\n\n<p><\/p>\n\n\n\n<p><\/p>\n<\/div><\/div>\n\n\n\n<ol class=\"wp-block-list\">\n<li><\/li>\n<\/ol>\n\n\n\n<div class=\"wp-block-media-text has-media-on-the-right is-stacked-on-mobile\"><div class=\"wp-block-media-text__content\">\n<p class=\"has-text-align-right\"><strong>Soil Microorganism: Key Drivers of Soil Fertility and Plant Health<\/strong><\/p>\n\n\n\n<p class=\"has-text-align-right\">Gabriella Kani\u017eai \u0160ari\u0107, Maja Karna\u0161 Babi\u0107, Vesna Rastija <\/p>\n\n\n\n<p class=\"has-text-align-right\"><\/p>\n\n\n\n<figure class=\"wp-block-image size-full is-resized\"><a href=\"https:\/\/www.croris.hr\/crosbi\/publikacija\/prilog-skup\/889441\"><img loading=\"lazy\" decoding=\"async\" width=\"198\" height=\"120\" src=\"https:\/\/dippinn.fazos.hr\/wp-content\/uploads\/2025\/06\/image-2.png\" alt=\"\" class=\"wp-image-177\" style=\"width:95px;height:auto\"\/><\/a><\/figure>\n<\/div><figure class=\"wp-block-media-text__media\"><img loading=\"lazy\" decoding=\"async\" width=\"768\" height=\"1024\" src=\"https:\/\/dippinn.fazos.hr\/wp-content\/uploads\/2025\/06\/Poster-Kanizai-Saric-i-sur_page-0001-2-768x1024.jpg\" alt=\"\" class=\"wp-image-159 size-full\" srcset=\"https:\/\/dippinn.fazos.hr\/wp-content\/uploads\/2025\/06\/Poster-Kanizai-Saric-i-sur_page-0001-2-768x1024.jpg 768w, https:\/\/dippinn.fazos.hr\/wp-content\/uploads\/2025\/06\/Poster-Kanizai-Saric-i-sur_page-0001-2-225x300.jpg 225w, https:\/\/dippinn.fazos.hr\/wp-content\/uploads\/2025\/06\/Poster-Kanizai-Saric-i-sur_page-0001-2-1152x1536.jpg 1152w, https:\/\/dippinn.fazos.hr\/wp-content\/uploads\/2025\/06\/Poster-Kanizai-Saric-i-sur_page-0001-2-1536x2048.jpg 1536w, https:\/\/dippinn.fazos.hr\/wp-content\/uploads\/2025\/06\/Poster-Kanizai-Saric-i-sur_page-0001-2-scaled.jpg 1920w\" sizes=\"auto, (max-width: 767px) 89vw, (max-width: 1000px) 54vw, (max-width: 1071px) 543px, 580px\" \/><\/figure><\/div>\n\n\n\n<div class=\"wp-block-media-text is-stacked-on-mobile\"><figure class=\"wp-block-media-text__media\"><img loading=\"lazy\" decoding=\"async\" width=\"1024\" height=\"576\" src=\"https:\/\/dippinn.fazos.hr\/wp-content\/uploads\/2025\/11\/Rastija-predavanje_page-0001-1024x576.jpg\" alt=\"\" class=\"wp-image-372 size-full\" srcset=\"https:\/\/dippinn.fazos.hr\/wp-content\/uploads\/2025\/11\/Rastija-predavanje_page-0001-1024x576.jpg 1024w, https:\/\/dippinn.fazos.hr\/wp-content\/uploads\/2025\/11\/Rastija-predavanje_page-0001-300x169.jpg 300w, https:\/\/dippinn.fazos.hr\/wp-content\/uploads\/2025\/11\/Rastija-predavanje_page-0001-768x432.jpg 768w, https:\/\/dippinn.fazos.hr\/wp-content\/uploads\/2025\/11\/Rastija-predavanje_page-0001-1536x864.jpg 1536w, https:\/\/dippinn.fazos.hr\/wp-content\/uploads\/2025\/11\/Rastija-predavanje_page-0001.jpg 2000w\" sizes=\"auto, (max-width: 767px) 89vw, (max-width: 1000px) 54vw, (max-width: 1071px) 543px, 580px\" \/><\/figure><div class=\"wp-block-media-text__content\">\n<p><strong>Inovativni pristupi u razvoju imidazola za za\u0161titu bilja <\/strong><\/p>\n\n\n\n<p>Vesna Rastija<\/p>\n\n\n\n<figure class=\"wp-block-image size-full is-resized\"><a href=\"https:\/\/www.croris.hr\/crosbi\/publikacija\/prilog-skup\/877164\"><img loading=\"lazy\" decoding=\"async\" width=\"198\" height=\"120\" src=\"https:\/\/dippinn.fazos.hr\/wp-content\/uploads\/2025\/06\/image-3.png\" alt=\"\" class=\"wp-image-178\" style=\"width:102px;height:auto\"\/><\/a><\/figure>\n\n\n\n<p><\/p>\n<\/div><\/div>\n\n\n\n<p><\/p>\n","protected":false},"excerpt":{"rendered":"<p>Sve publikacije objavljene u sklopu projekta dostupne su na CRORIS Biological and Environmental Aspects of Imidazole Derivatives as Potential Insect Growth Regulators in Pest Management Helena Ere\u0161, Vesna Rastija, Ankica Sarajli\u0107, Maja Karna\u0161 Babi\u0107, Marija Kristi\u0107, Milan Vrane\u0161, Martina \u0160rajer Gajdo\u0161ik, Ivana Maji\u0107<\/p>\n","protected":false},"author":1,"featured_media":0,"parent":0,"menu_order":0,"comment_status":"closed","ping_status":"closed","template":"","meta":{"footnotes":""},"class_list":["post-11","page","type-page","status-publish","hentry"],"_links":{"self":[{"href":"https:\/\/dippinn.fazos.hr\/index.php\/wp-json\/wp\/v2\/pages\/11","targetHints":{"allow":["GET"]}}],"collection":[{"href":"https:\/\/dippinn.fazos.hr\/index.php\/wp-json\/wp\/v2\/pages"}],"about":[{"href":"https:\/\/dippinn.fazos.hr\/index.php\/wp-json\/wp\/v2\/types\/page"}],"author":[{"embeddable":true,"href":"https:\/\/dippinn.fazos.hr\/index.php\/wp-json\/wp\/v2\/users\/1"}],"replies":[{"embeddable":true,"href":"https:\/\/dippinn.fazos.hr\/index.php\/wp-json\/wp\/v2\/comments?post=11"}],"version-history":[{"count":31,"href":"https:\/\/dippinn.fazos.hr\/index.php\/wp-json\/wp\/v2\/pages\/11\/revisions"}],"predecessor-version":[{"id":446,"href":"https:\/\/dippinn.fazos.hr\/index.php\/wp-json\/wp\/v2\/pages\/11\/revisions\/446"}],"wp:attachment":[{"href":"https:\/\/dippinn.fazos.hr\/index.php\/wp-json\/wp\/v2\/media?parent=11"}],"curies":[{"name":"wp","href":"https:\/\/api.w.org\/{rel}","templated":true}]}}